303 a composite number?
False
Is 133226519297 prime?
False
Is 10941037483 a composite number?
True
Is 47524802249 composite?
False
Is 290618453 composite?
True
Is 79355127517 a prime number?
True
Is 6649791637 a composite number?
False
Is 24908061179 a composite number?
False
Is 42923351213 composite?
False
Is 117110833589 composite?
False
Is 5373130793 a composite number?
False
Is 870784433 a prime number?
True
Is 1116569393 composite?
True
Is 146434390601 a prime number?
True
Is 30012342089 prime?
False
Is 308819699 a prime number?
True
Is 1521241843 a prime number?
False
Is 66293399 prime?
True
Is 471058141579 a composite number?
False
Is 182127235699 a composite number?
False
Is 89460031 a composite number?
True
Is 385070021 prime?
False
Is 6644800529 a prime number?
False
Is 2483643649 prime?
False
Is 13651183207 a prime number?
True
Is 200333911 a composite number?
False
Is 8940354629 a prime number?
False
Is 1166713529 a prime number?
False
Is 1053904717 prime?
True
Is 103310586271 prime?
True
Is 47751205189 a prime number?
True
Is 1129394243 a composite number?
True
Is 2674311973 a composite number?
True
Is 1961387447 a prime number?
True
Is 14255253133 a prime number?
False
Is 2133745723 a prime number?
True
Is 12016102331 composite?
True
Is 1502833019 a composite number?
False
Is 15037204877 a composite number?
True
Is 23162319463 composite?
False
Is 1717920881 a prime number?
False
Is 55108512793 composite?
False
Is 1884761317 prime?
False
Is 168300423047 composite?
True
Is 553747303 composite?
False
Is 3718078171 a prime number?
False
Is 12148460059 prime?
False
Is 32767084937 a composite number?
True
Is 231455081465 composite?
True
Is 76028647 composite?
True
Is 1331341799 a prime number?
False
Is 1042130239 a prime number?
False
Is 1284266891 composite?
True
Is 595152077 composite?
True
Is 39697429 a composite number?
False
Is 3988409443 composite?
True
Is 225418229 composite?
True
Is 6209584477 a composite number?
False
Is 3397398709 prime?
False
Is 20383259627 a composite number?
True
Is 2286261491 prime?
True
Is 1414723677 composite?
True
Is 2153393981 a composite number?
False
Is 2482845551 prime?
True
Is 81722057 a composite number?
False
Is 3468899093 a prime number?
False
Is 2797205863 composite?
True
Is 36204911131 composite?
False
Is 102279257 composite?
False
Is 49182968297 a prime number?
True
Is 164122890949 a composite number?
False
Is 125998402 a composite number?
True
Is 1449754255 composite?
True
Is 108245182073 a prime number?
False
Is 19748267593 a composite number?
False
Is 10727207 a composite number?
False
Is 585556771 prime?
True
Is 32088804122 composite?
True
Is 1719948817 a composite number?
False
Is 16130414309 composite?
True
Is 1003338689 composite?
False
Is 489638183 a prime number?
False
Is 129888187129 a composite number?
False
Is 950851299 composite?
True
Is 36261824527 prime?
True
Is 3254882051 a prime number?
False
Is 223439423 a prime number?
True
Is 32849896439 prime?
True
Is 6512936819 a prime number?
True
Is 473030597 a prime number?
False
Is 341335441 a composite number?
True
Is 8766864523 prime?
True
Is 365692553 a composite number?
False
Is 61539855899 prime?
False
Is 8184846823 prime?
False
Is 181818743 composite?
False
Is 6387296189 a composite number?
False
Is 76543814663 composite?
True
Is 124980750527 composite?
True
Is 14691021679 a composite number?
True
Is 10819778917 a composite number?
False
Is 299024843 composite?
True
Is 330307729 a prime number?
True
Is 56046084527 a composite number?
True
Is 242680415431 a prime number?
False
Is 125030174239 a composite number?
True
Is 2006497501 prime?
False
Is 58321099 prime?
False
Is 9584415283 a prime number?
True
Is 28331304653 composite?
True
Is 111431636077 a prime number?
True
Is 70555707217 composite?
False
Is 1647007099 a prime number?
True
Is 219789653 a composite number?
False
Is 14003177407 a composite number?
False
Is 2456198863 composite?
False
Is 215631271 a composite number?
True
Is 43199135093 a prime number?
False
Is 1646493817 a composite number?
True
Is 7403155943 a composite number?
False
Is 191546927673 a prime number?
False
Is 74550161821 a composite number?
False
Is 11069960357 a prime number?
True
Is 18436541 composite?
True
Is 18788624909 a composite number?
False
Is 683448991 prime?
True
Is 4426234543 a composite number?
True
Is 1819731401 composite?
False
Is 442867339 a prime number?
True
Is 968834089 composite?
True
Is 2806597249 prime?
False
Is 62099473 a prime number?
True
Is 19447036619 composite?
True
Is 116299597 a composite number?
False
Is 113344497353 prime?
True
Is 55225542639 prime?
False
Is 1641615781 prime?
False
Is 44912850239 prime?
False
Is 145272427 a prime number?
True
Is 12204064331 a composite number?
False
Is 4435990279 prime?
False
Is 10597533091 a composite number?
True
Is 13480529251 prime?
False
Is 64902441533 composite?
False
Is 21283337927 composite?
False
Is 13792708147 composite?
True
Is 3749373653 a composite number?
False
Is 19957025749 prime?
True
Is 95139709363 a prime number?
False
Is 449559619 a prime number?
True
Is 23664236111 a prime number?
True
Is 11770091033 prime?
True
Is 728655061 a composite number?
False
Is 3721720069 a composite number?
False
Is 15326189399 a prime number?
True
Is 3901148653 a prime number?
False
Is 181544641 composite?
False
Is 12380433589 a prime number?
True
Is 7214389489 a prime number?
False
Is 2480243959 prime?
False
Is 3790318435 a prime number?
False
Is 17220589271 a prime number?
False
Is 343821419 composite?
True
Is 32853901913 a prime number?
False
Is 19221220987 composite?
False
Is 46226671987 a prime number?
True
Is 2353202599 a prime number?
False
Is 3303345391 a prime number?
True
Is 1034811787 composite?
True
Is 25120455067 a composite number?
True
Is 32440110809 a composite number?
False
Is 45378788771 composite?
True
Is 388811669 a composite number?
False
Is 3216709 a prime number?
False
Is 72712858691 a composite number?
True
Is 445086637 a prime number?
True
Is 156455567 a prime number?
True
Is 48593828411 a prime number?
False
Is 32806392601 composite?
True
Is 1754788079 prime?
False
Is 8301258803 a composite number?
False
Is 22570037989 prime?
False
Is 4760589527 composite?
False
Is 104607967 composite?
False
Is 7196831303 prime?
False
Is 4738290071 prime?
True
Is 576493663 a prime number?
False
Is 3740486569 a composite number?
False
Is 16052507 a prime number?
False
Is 22252348121 prime?
False
Is 14782644541 a composite number?
True
Is 237585286097 a prime number?
False
Is 240949895 composite?
True
Is 319751389 composite?
False
Is 587287237 a prime number?
False
Is 32398328407 a prime number?
False
Is 30771957383 composite?
False
Is 9956581079 a composite number?
True
Is 88152021847 a prime number?
True
Is 312489239 prime?
False
Is 126634066697 prime?
True
Is 1101285283 prime?
False
Is 19531129649 a prime number?
True
Is 377435431 prime?
True
Is 44016811945 prime?
False
Is 790672457 prime?
True
Is 10195225757 prime?
False
Is 1391112559 a composite number?
True
Is 4798986583 a prime number?
True
Is 11025035317 a prime number?
False
Is 2097374122 a composite number?
True
Is 12809706787 prime?
True
Is 8322830773 composite?
False
Is 55691972566 composite?
True
Is 255466439 a composite number?
False
Is 642477103 prime?
False
Is 939583937 prime?
False
Is 7659421045 a composite number?
True
Is 1749447617 a prime number?
True
Is 1533325531 a prime number?
False
Is 1267767463 a composite number?
False
Is 3217347383 a composite number?
True
Is 3356165333 prime?
False
Is 194446409 a prime number?
True
Is 50782819 composite?
True
Is 155290559 composite?
False
Is 5042818271 composite?
False
Is 489681457 composite?
False
Is 3613885261 composite?
True
Is 4440273289 prime?
False
Is 3022609343 a composite number?
True
Is 8611828913 a prime number?
False
Is 35897218429 prime?
False
Is 1239223411 a prime number?
True
Is 417344297 prime?
True
Is 1576387519 a composite number?
True
Is 46233304643 a composite number?
True
Is 680423477 a prime number?
True
Is 4456779671 composite?
False
Is 875207671 composite?
True
Is 206173336849 a composite number?
False
Is 12436930879 a composite number?
True
Is 134671477 a prime number?
True
Is 6837439039 a pr